*c = 0, 0 = -2*s - c - 3*c + 4. Let h = s + 14. Let f = 9 - h. What is the units digit of f?
1
Let s(x) = -x**3 - 5*x**2 - 7*x - 2. Let f be s(-3). Let q(b) = 90*b**2 + 3*b - 2. What is the tens digit of q(f)?
9
Let v(w) be the third derivative of -w**6/120 + 11*w**5/60 - w**4/4 + w**3/6 - 12*w**2. What is the tens digit of v(10)?
4
Suppose 369 = 2*l + 3*r, 5*r = -4*l + r + 748. Suppose 34*t - l = 30*t. What is the tens digit of t?
4
Let b = -336 + 676. What is the tens digit of b?
4
What is the thousands digit of 40/(-6)*9252/(-60)?
1
Let n be ((0 - -20)/2)/2. Suppose -3*b - 2 = n*w + 2, b - 4*w = 10. What is the units digit of (-205)/(-15) - b/3?
3
Let a(c) = 2*c - 4*c - 5*c + 4. What is the tens digit of a(-4)?
3
Let r be 38/(-14) + 22/(-77). Let m(h) be the first derivative of h**3 + 3*h**2/2 - 3*h - 1. What is the units digit of m(r)?
5
Let y = -471 - -1287. What is the units digit of y?
6
Suppose 9*w = 2*w + 35. What is the tens digit of 2 + -1 - (w - (152 + 2))?
5
Let f = -60 + 6. What is the units digit of -6*10/45*f?
2
Let n = -1024 - -1816. Suppose -h + 9*h - n = 0. What is the units digit of h?
9
Let k = 187 + -187. Let b(u) = 309*u**2 + u. Let f be b(-1). Suppose 3*y + y - f = k. What is the tens digit of y?
7
Let m(j) = 70*j**3 + 2*j**2. What is the units digit of m(2)?
8
Let z = -804 + 1123. What is the units digit of z?
9
Let t be 8/(-2)*-5*2. Suppose -3*g = 33 + 39. Let q = g + t. What is the tens digit of q?
1
Let z(b) = 2*b**3 + 8*b**2 - b + 1. Let n(v) = -4*v**3 - 15*v**2 + v - 3. Let m(y) = 3*n(y) + 5*z(y). What is the hundreds digit of m(-5)?
1
Let i(s) = s**3 - 10*s**2 + 23*s - 5. Let a be i(7). Let h(m) = -m**2 + 19*m + 9. What is the units digit of h(a)?
9
Suppose -3 = 4*i - 7. Let g = i - -34. What is the tens digit of g?
3
Let t be -2*2/6*6. Let m(l) = 7*l**2 + 3*l - 4. Let a be m(t). Suppose 2*v = -v + a. What is the tens digit of v?
3
Suppose 3*c + 84 = -273. Let h = c - -240. What is the hundreds digit of h?
1
Suppose 768 = 3*f - 372. Suppose 2*u - f = -3*u. Let p = u + -43. What is the units digit of p?
3
Suppose 292 = 5*m - 2*w + 24, -w - 108 = -2*m. Let y = 135 - m. What is the tens digit of y?
8
Suppose -3684 = -58*c + 57*c - 4*k, 5*k + 14820 = 4*c. What is the units digit of c?
0
Suppose -d = 2*t - 5141, -38*t + 41*t = -4*d + 7719. What is the tens digit of t?
6
Let c = 1314 - 415. What is the tens digit of c?
9
Let s(a) = 5*a**2 - 9 + 14 - 2*a + 5 + 4. What is the hundreds digit of s(6)?
1
Suppose 122 + 83 = 5*i. Let x = -19 - -23. Suppose -p - x*k + i = 0, 0*k = -5*p + 2*k + 227. What is the units digit of p?
5
Let n = -91 + 34. Let h = 20 - n. What is the tens digit of h?
7
Let n = 455 + 433. What is the units digit of n?
8
Suppose 0 = 3*o - 5143 - 1817. What is the thousands digit of o?
2
Let i(j) = j**2 - 5*j. Let c be i(4). What is the units digit of (358/(-4))/(c/8)?
9
Let s(t) = -t**3 - 6*t**2 - 4*t - 7. Let u be s(-6). Let k = 22 - 32. Let f = u + k. What is the units digit of f?
7
Suppose 827 = 3*t - t + 5*u, 4*u + 407 = t. What is the tens digit of t?
1
Let y be 2/((-1686)/1698 - -1). Let u = y + -57. What is the tens digit of u?
2
Let r be 33045/315 + (-2)/(-21). Suppose -106*s = -r*s - 274. What is the units digit of s?
4
Let j(v) = 17 - 9 - v**3 + 5*v + 0*v**3 + 5*v**2. Let o be j(6). What is the tens digit of o/(-5) + (-134)/(-10)?
1
Let d be 2 - 7/(28/(-648)). Let p = -81 + d. Suppose -2*l + 0*b + p = 3*b, 81 = 2*l + b. What is the units digit of l?
0
Let a be 114 - (3 + -6)/(-1). Let s = a - 189. Let b = -49 - s. What is the tens digit of b?
2
Let j(h) = 5*h**2 - 26*h + 2. Let d be j(5). What is the units digit of 20 - (-1 - 3) - d?
7
Let u = 5 - 1. Let x(l) = u*l + 3 + l - 4 - 2*l. What is the tens digit of x(7)?
2
Let o = -10 + 22. Let h be (0 - 62/(-8))*o. Suppose 2*m = -m + h. What is the tens digit of m?
3
Let y(t) = t**2 + 19 - 20*t - 10 + 10. What is the tens digit of y(21)?
4
Suppose -7*a - 15616 + 49776 = 0. What is the units digit of a?
0
Let t be (-40)/(-18) - (-4)/(-18). Suppose t*c - 7 = -3. Suppose -3*b + 0*b - c*p = -32, -4*b + 4*p = -16. What is the units digit of b?
8
Let y = 342 + -291. What is the units digit of y?
1
Let z be (0 - (3 - 1))*-46. Suppose 0 = -s - 3*s + z. Let k = 42 - s. What is the units digit of k?
9
Suppose -41*a = -10860 - 141004. What is the hundreds digit of a?
7
Suppose -12595 = 52*d - 57*d. What is the hundreds digit of d?
5
Let z = 9 + -4. Suppose 2*d - 74 = 2*t, -d - z = -3. Let q = 76 + t. What is the units digit of q?
7
Let p(a) = 5*a + 58. Let i be p(-11). Suppose -5*h - 2*t + 59 = -i*t, h - 13 = -t. What is the tens digit of h?
1
Let p(r) be the third derivative of r**6/120 - r**5/10 - 5*r**4/24 - r**3 + 10*r**2. Let q be p(7). What is the units digit of (q/(-10))/(8/(-580))?
8
Let n(c) = c - 20. Let z be n(0). Let h be -5*(3 + 44/z). Let q(a) = -5*a - 2. What is the tens digit of q(h)?
1
Let r(g) = 31*g + 3. Let b be r(-2). Let y = 6 + -33. Let z = y - b. What is the units digit of z?
2
Let y(w) = w**3 + 15*w**2 + 16*w + 12. What is the hundreds digit of y(-10)?
3
Let q = 2195 - 1304. What is the tens digit of q?
9
Let s = 539 + -361. Suppose s = 3*v - 26. What is the tens digit of v?
6
Let r(m) = -m**3 + 7*m**2 + 2*m + 4. Let b(p) = -p**2 - 2*p + 4. Let l be b(-2). What is the units digit of r(l)?
0
Suppose -13*u + 21787 = 3483. What is the hundreds digit of u?
4
Suppose o - 5*n - 331 = 432, 0 = 4*o + 5*n - 3127. What is the hundreds digit of o?
7
Let s = -3741 + 7398. What is the units digit of s?
7
Let p(w) = 6*w + 3. Let z(c) = c**3 - 9*c**2 + 8*c + 4. Let t be z(8). Suppose -t = 18*o - 19*o. What is the units digit of p(o)?
7
Suppose 0 = -36*u + 27867 + 68325. What is the units digit of u?
2
Let d = 33 - 31. Suppose -65 = -d*l + 49. What is the units digit of l?
7
Suppose -2*b - 774 = 2*b - 2*w, 2*w - 198 = b. Let l = -112 - b. What is the tens digit of l?
8
Suppose 351078 = 42*u + 49*u. What is the units digit of u?
8
What is the units digit of (-51)/(-17) + (-1 - -45)?
7
Suppose 0*f + 5*f = 40. Suppose 2*t - f = 12. What is the units digit of t?
0
Suppose 7*h - 448 = -0. Suppose 0 = -4*q - 2*y - 148, -q - 23 = -6*y + 3*y. Let a = q + h. What is the tens digit of a?
2
Let c(r) = 4*r - 1. Let a be c(3). Let m = a + -2. What is the units digit of m?
9
Let k = -257 + 555. What is the units digit of k?
8
What is the units digit of (-11)/((-275)/1630)*5?
6
Suppose 7*n + 25 = 2*n. Let k = n - -8. What is the tens digit of 14 - k/(-1) - 2?
1
Let p be 8/10 + -1 - (-8)/40. Suppose p = 3*k + 2*y - 88, 4*k = 3*y - 50 + 190. What is the units digit of k?
2
Suppose -108*d - 2 = -109*d. Suppose -6*x = -2*x + 5*q - 192, -x = -d*q - 61. What is the units digit of x?
3
Let o = 88 - 106. What is the units digit of (-925)/(-9) + o/(-81)?
3
Let p(l) = 2*l**3 - 22*l**2 - 30*l - 81. What is the thousands digit of p(17)?
2
Suppose 12 = 7*p - 6*p. Suppose -6 - p = -6*n. What is the units digit of n?
3
Let q = 171 - -28. Let w = 95 - q. Let b = -61 - w. What is the tens digit of b?
4
Let a = 64 - 43. Let v = a - 9. Suppose b + 0*b - v = 0. What is the tens digit of b?
1
Let l(u) = 4*u**2 - 99*u + 10. What is the tens digit of l(25)?
3
Suppose -598*y + 604*y = 5604. What is the units digit of y?
4
Let h(c) = 15*c. Let a be h(-2). Let p be ((-426)/15)/(12/a). Let f = p + -44. What is the units digit of f?
7
Let o(w) = -3*w + 32. Let m be o(-10). Let v = m + 55. What is the units digit of v?
7
Suppose y = 5*n - 3145, 2*n - y - 1437 = -176. What is the tens digit of n?
2
Let d(n) be the first derivative of -2*n**3/3 + 11*n**2/2 - 1. Let v = -20 - -25. What is the units digit of d(v)?
5
Let j(f) = -f**2 - 13*f - 42. Let m be j(-8). What is the units digit of 4228/(-7)*m/4?
2
Let o be 4/((-10)/(-3) - 2). Suppose -4*y = r - 663, -o*r + 12 - 3 = 0. What is the units digit of y?
5
Let q = 22 - 16. Suppose 15*k - 716 - 934 = 0. Suppose k = 4*c - q. What is the tens digit of c?
2
Suppose 27093 = 12*d - 8211. What is the thousands digit of d?
2
What is the tens digit of 8/(7/(-191)*(-80)/1960)?
4
Let k(m) = m**3 + 22*m**2 - 78*m + 14. What is the units digit of k(-20)?
4
Suppose r = -3*v + 2333, -2*v + 5*r + 1537 = 2*r. What is the tens digit of v?
7
Suppose 2*s - 2*j = 